
What is the units digit of 1024 - (-25 + 28 - (0 - 0))?
1
Suppose -3*n + 3 = -x, -x - 5*n + 9 + 4 = 0. Suppose 0*g - 31 = -g - j, x*g = -2*j + 92. What is the units digit of g?
0
Let g = -33 - -38. Suppose 0 = 4*p - g*v - 280, -4*p + 98 + 182 = -3*v. What is the units digit of p?
0
Let o(k) = -239*k + 113*k + 120*k - k**3 + 14*k**2 + 29. What is the hundreds digit of o(13)?
1
Let r be (-4)/(-14) + 1376/(-112). Suppose 24 = -5*l - 3*p, -3*l - 12 + 4 = 5*p. Let m = l - r. What is the units digit of m?
6
Suppose 0 = 5*u - 119 + 309. Let d = u - -53. What is the tens digit of d?
1
Let a(y) = 72*y**2 - 2*y + 3. Let p be a(2). Suppose -74 = 3*x - 4*x + 4*r, -3*x - r + p = 0. What is the tens digit of x?
9
Suppose 241 = -x - 0*x + 2*n, -2*x + 2*n - 474 = 0. Let u = -77 - x. What is the units digit of u?
6
Let n be (7/3)/((-2)/24). Let m be (155/(-30))/(-31) + 59/6. What is the tens digit of m/(-4)*n/1?
7
Let j(z) = z + 6. Let r be 10/5 - (8 - 0). Let n be j(r). Suppose n*h = -2*h + 2*k + 16, -4*h = 2*k - 2. What is the units digit of h?
3
Suppose -4*h - 44*q = -41*q - 6597, 0 = 4*h - q - 6617. What is the hundreds digit of h?
6
Let c be (18 - -27)/(6/4). Suppose c = -4*o + 9*o. What is the units digit of o?
6
Suppose 5*z = 3*z - 3*x + 9, -4*z + 29 = -5*x. Let o = -1 + z. Suppose 316 = o*h + 2*k, 182 = 4*h - h + 5*k. What is the tens digit of h?
6
Suppose 17*x - 1475 - 1313 = 0. Let c = x + -125. What is the tens digit of c?
3
Let d(w) be the second derivative of 4*w + 5*w**2 - w**3 + 1/6*w**4 + 0. What is the tens digit of d(7)?
6
Let t(k) = 54 - 73 + k + 0*k + 2*k**2 - 5*k. What is the tens digit of t(9)?
0
Let h = 510 + 50. What is the hundreds digit of h?
5
Suppose -3*d - 5*g = -3035, -6*g + 2*g = -4*d + 4036. What is the tens digit of d?
1
Let d(w) = -2*w**2 + 145*w - 266. What is the thousands digit of d(58)?
1
Let j be ((6/15)/(-1))/((-5)/(-250)). Let v = -6 + 0. What is the units digit of (-99)/(-55)*j/v?
6
Let m = 44 + -10. Let x = m + -17. What is the tens digit of x?
1
Let c(l) = -l**3 + 9*l**2 - 1. Let i be 7 + ((-14)/(-21))/(1/(-3)). What is the tens digit of c(i)?
9
Let w = 17126 + -11301. Suppose 7*n - w = 2*n. What is the units digit of (-6)/(-15) + n/25?
7
Let x = 500 + 158. What is the units digit of x?
8
What is the units digit of (23 + 2464)*1/3?
9
Suppose 5*d - 27 = 2*d. Suppose 2*o = -o + d. What is the units digit of o/(6/(-22))*-1?
1
Suppose 2*r = -23 + 27. Suppose -r*k + 496 - 110 = 0. What is the hundreds digit of k?
1
Suppose -54*l = -200200 - 43016. What is the thousands digit of l?
4
Let k = -44 - -59. Let v(d) = 2*d**2 - 22*d + 7. What is the tens digit of v(k)?
2
Let m = 27 + -27. Let s = m + 3. What is the units digit of s?
3
Let g(d) be the first derivative of -13*d**2/2 + 7. Let r = -1 - 0. What is the tens digit of g(r)?
1
Suppose 18*x - 2664 = -0*x. What is the units digit of x?
8
Suppose -43 + 16 = -9*b. What is the tens digit of b + 1539/12 + 5/(-20)?
3
Let d be (-1 - 5)/(-3)*24/16. What is the tens digit of (-2)/(-16) + (d - (-111)/8)?
1
Suppose 3*n - h - 6 = 0, -h - 13 = -n + 3*h. Let d = -32 - -50. Let v = d - n. What is the units digit of v?
7
Let u = 4 + 0. Suppose -i = 2 - u. Suppose 14 = 2*g + p, 4 = p + i. What is the units digit of g?
6
Suppose 3*u - 8 = 4. Let t be (-3)/(-2) - (-2)/u. Suppose -t*h - 6 = -44. What is the units digit of h?
9
Let a = -50 + 52. What is the units digit of (-2 + -41)*(a + -4)?
6
Let k be 29*(-15)/(0 + -5). Let w = k - -4. What is the units digit of w?
1
Let z(k) = 13*k**2 - 7*k. Let x(i) = -13*i**2 + 8*i - 1. Let s(d) = 4*x(d) + 5*z(d). Let w be s(-4). What is the units digit of w/16 - (-6)/4?
5
Suppose -2*h + 13 = -3*w, -2*h - 3*h - w = -58. Let k = -5 + h. What is the tens digit of 1*10*9/k?
1
Suppose 4*v + 0*v + 8 = 0, -3*v + 14 = 4*u. Suppose 0 = -u*a + 4*w + 224, -a - 5 = -5*w - 33. What is the units digit of a?
8
Let h = 2314 + -859. What is the tens digit of h?
5
What is the tens digit of ((-1076)/(-6))/((-8)/(-84))?
8
Let c be (25/15 - 1)*-6. Let o(x) = -2*x**3 + 5*x**2 + 4*x. Let l be o(c). What is the tens digit of 1 - (l + 0)/(-3)?
6
Let b(t) = -11 - 1 - 2 + 2*t. Let f be b(7). Suppose 0 = 3*q - f - 96. What is the tens digit of q?
3
Let q(w) = -2*w + 5. Let t be q(11). Let f(x) = -x**2 - 19*x + 19. What is the tens digit of f(t)?
5
Let s(h) = 3*h - 9 - 11 + 26. What is the tens digit of s(15)?
5
Suppose -2*w = 5*u, -u + 3*u = w. Suppose u = -7*t - 0*t + 371. What is the units digit of t?
3
Let r(o) = 104*o**2 - 17*o + 4. What is the hundreds digit of r(3)?
8
Suppose 2*z = -3*z + 480. What is the units digit of z?
6
Suppose -3*j + 4*y + 215 = 0, -4*j - y + 287 = -6*y. What is the tens digit of j?
7
Let v = 2403 - 1299. What is the units digit of v?
4
Let f(u) = -20*u - 13. Let w(m) = -20*m - 14. Let b(g) = 4*f(g) - 5*w(g). Let n(o) = -10*o - 9. Let d(i) = -3*b(i) - 5*n(i). What is the tens digit of d(-4)?
3
Let y(b) = 25*b**3 + b**2 - 2*b + 5. What is the units digit of y(3)?
3
Suppose -3*j = -8*j - 30. What is the tens digit of 10/(-2)*j/15*42?
8
Let a be 9/((-18)/(-4)) - -3. Let f = a - 3. What is the units digit of f?
2
Suppose 17*i = -16*i + 37389. What is the hundreds digit of i?
1
Let y be (1/(15/(-20)))/(2/348). Let i = -15 - y. What is the tens digit of i?
1
Suppose 2*q - 5*x = 2405, 15*q + x = 20*q - 5955. What is the hundreds digit of q?
1
Suppose 85 + 199 = 4*l. Let m = l + -61. What is the tens digit of m?
1
Let r(a) = 3*a**2 - 5*a - 4. What is the units digit of r(10)?
6
Let s(p) = p. Let d(f) = -5*f - 8. Let c(o) = -d(o) - 4*s(o). Let v = 3 + 8. What is the units digit of c(v)?
9
Let d(r) be the first derivative of r**3/3 - 8*r**2 + 18*r + 7. Let x be d(15). What is the units digit of 29/x*3 + -2?
7
Let f = 19 + -21. Let n be 3 + -1 + 35 + f. Suppose -2*a + 7*a = n. What is the units digit of a?
7
Let l be 1*6/(-2)*(-2)/(-3). What is the units digit of -2*(-3)/12*l*-105?
5
Let m(r) = 3*r - 1. Let q be m(-9). What is the units digit of (-21)/q + (-330)/(-8)?
2
Suppose -5*t - g = -825, -4*t = -10*g + 8*g - 646. What is the units digit of t?
4
Let w = -6693 + 9563. What is the tens digit of w/55 + 2/(-11)?
5
Let t(o) = -3*o**2 + o. Let w be t(-1). Let j = w - -6. Suppose 4*p = 5*b + p + 2, 0 = 4*b - j*p. What is the units digit of b?
2
Let v be ((-2)/2)/((-8)/24). Let u(j) = 5*j**3 - 5*j**2 + 4*j - 2. What is the tens digit of u(v)?
0
Let j(c) = -7*c + c**2 + c**2 + 2*c + 4*c - 1. What is the tens digit of j(-4)?
3
Let f(j) = 14*j**3 - 39*j**2 + 18*j - 44. What is the thousands digit of f(7)?
2
Let q(c) = -c**2 + 56. Let s be (-4)/3*9/(-2). Let v be (0/(s + -3))/(-2). What is the tens digit of q(v)?
5
Let q(l) = -678*l - 1160. What is the tens digit of q(-6)?
0
Suppose -1897 = -13*y + 2874. What is the units digit of y?
7
Suppose -12341 + 1868 = -3*s. What is the hundreds digit of s?
4
What is the hundreds digit of (-3505)/(-2) + (82/(-4) - -18)?
7
Suppose 13*i = 14*i - x - 1989, 5*i - 9942 = 2*x. What is the hundreds digit of i?
9
Suppose l = -2*p - 0*p + 28, 5*l + p = 95. Suppose 6*a = 6 + l. Suppose a*h - 3*x - 65 + 9 = 0, 4*h + 5*x - 56 = 0. What is the units digit of h?
4
Let g(q) = 3*q**3 + 1. Suppose -d + 3*d + 2 = 0. Let l be g(d). What is the tens digit of -33*3*l/9?
2
Let f = -204 - -546. What is the tens digit of f?
4
Let r(x) = 2*x**3 - 5*x**2 + 17*x + 8. What is the tens digit of r(7)?
6
Let p(f) = 44*f**2 + 29*f + 167. What is the thousands digit of p(-7)?
2
Let f(q) = -q**2 + 5*q - 2. Let y be f(4). What is the units digit of y/13 - 10584/(-156)?
8
Suppose 0 = -m + p + 965, m + p - 1348 = -385. What is the tens digit of m?
6
Let i(r) = 4*r - 11. Let g = 37 - 34. Suppose 0 = -g*v + 6*v - 12. What is the units digit of i(v)?
5
Suppose -3*n = -0*n - 1338. What is the units digit of n/(-4)*(2 + -4)?
3
Let g = 2313 + -4. What is the thousands digit of g?
2
What is the units digit of -5 + (9 - 3) + 3 - -486?
0
Let t(j) = 13*j**2 + 2*j - 1. Let x be t(1). Suppose -2*i + i + x = 0. Let m(v) = 2*v + 6. What is the units digit of m(i)?
4
Let y(n) = 99*n**2 + 8*n - 8. What is the tens digit of y(1)?
9
Let f(u) = -u**3 + 7*u**2 - 9*u + 11. Let b be f(5). What is the tens digit of 1228/b + (-1)/(-4)?
7
Suppose -2*j - z - 1 = 0, -2*j + 0*j + 2 = -2